 common divisor of 6 and x.
6
Let r = 12 - -12. Suppose -11 = -c + 3*a, 0*c + c + 5*a = 3. What is the highest common divisor of c and r?
8
Suppose 3*h - 2*h + 238 = 3*u, -5*u + 408 = 4*h. What is the highest common factor of 10 and u?
10
Let g = 8 - 12. Let h be 772/28 + g/7. What is the greatest common divisor of h and 54?
27
Let r be 3/(3/8) + 0. Suppose -9*z + 360 = -4*z. Calculate the greatest common divisor of z and r.
8
Let x(y) = y**2 + 11*y - 18. Let r be x(-13). Let i(v) = -v**3 - 3*v**2 - v + 1. Let j = 8 - 13. Let k be i(j). What is the greatest common divisor of r and k?
8
Suppose -4*p + 5*b + 3 = -3*p, 0 = -4*p - 5*b + 87. Suppose 5*y + 3*d + 2*d = 785, 4*y - 3*d = 663. What is the highest common factor of p and y?
18
Suppose 0 = -5*s + 4*d + 59, -2*s - 2*d = 3*s - 53. Let w be s/(-2) + 1/(-2). Let c be 2/w + 68/6. Calculate the greatest common factor of 11 and c.
11
Let m = -682 - -1095. Suppose m = 4*x - 467. Calculate the greatest common divisor of x and 20.
20
Let r = 7 - 5. Suppose -r*t + 19 = 5. Let v(x) = x**3 - 3*x**2 + 5*x + 2. Let j be v(5). Calculate the greatest common divisor of t and j.
7
Let o(v) = 18*v - 20. Let c be o(10). What is the highest common factor of c and 40?
40
Suppose 47 = -4*b + 2*t - 63, -2*b = t + 45. Let f be (b/15)/(1/(-9)). Let q be (-1 + 0)/((-3)/18). What is the greatest common factor of f and q?
3
Let j be (3*-1 + 2)*-2. Suppose 20 = 3*d + j*s - s, -5 = -s. Let w(a) = 10*a. Let b be w(4). Calculate the greatest common factor of d and b.
5
Let g be (-94)/(-5) - (-104)/(-130). Let t(u) = -u + 90. Let d be t(0). Calculate the greatest common factor of g and d.
18
Let i = 117 + -57. Suppose 4*l - 2*m + 29 = 3*l, -3*l - 3*m - 42 = 0. Let h = 31 + l. What is the highest common factor of h and i?
12
Let o be (-56)/(-10)*(-25)/(-2). Let a be o/5 + -2 + -1. Suppose 0*d + 41 = m - 3*d, -d = 4*m - 177. Calculate the greatest common factor of a and m.
11
Let i be (30/7)/(1/42). Suppose -r + i = 2*r. Calculate the greatest common divisor of 40 and r.
20
Let m = 7 + -2. Suppose m*p - 12 = u, -4*p - u + 2 = -2*p. Let g(r) = -2*r**3 - 3*r**2 - r. Let v be g(-2). Calculate the greatest common divisor of p and v.
2
Suppose -5*a - 9 = -24. Suppose 5*v - 11 = -4*p, -v = 2*p + 2*p - 15. Let g = v - -3. Calculate the greatest common divisor of a and g.
1
Suppose 5*r - 3*z = -36, -3*z = -4*r + 3*r. Let y be (-66)/r + 2/(-6). What is the highest common factor of y and 63?
7
Let z be (-40)/(-6)*(-228)/(-10). Suppose 3*b - 8*b = -95. What is the highest common divisor of z and b?
19
Let d(h) = 2*h**3 - 3*h**2. Let z be d(2). Suppose 2*n + o - 69 = 0, 2*n + 0*o - 2*o - 78 = 0. Calculate the greatest common divisor of n and z.
4
Suppose -p - 3 + 6 = 0. Suppose -4*j + t = -t - 42, p*j = 4*t + 39. Calculate the highest common divisor of j and 9.
9
Let m(r) = -73*r**3 + 2*r + 1. Let p be m(-1). Suppose -5*y + 96 = -y. Suppose 4*i - y = i. What is the greatest common factor of i and p?
8
Let w = 474 - 276. Calculate the greatest common factor of 33 and w.
33
Let i = 8 - 2. Suppose -i*c = -c - 15. Calculate the highest common factor of c and 2.
1
Suppose 22 = 3*w - 44. Calculate the greatest common factor of 11 and w.
11
Let s be (-3770)/(-35) - (57/21 + -3). Let k(a) = -a**2 - 4 - 9*a + 1 + a. Let g be k(-5). Calculate the greatest common factor of g and s.
12
Let n = -4 + -1. Let q = n - -8. What is the highest common factor of 2 and q?
1
Let w(b) = b**2. Let i(f) = -3*f**2 + 2*f + 4. Let g(v) = -i(v) - 2*w(v). Let y be g(-3). Calculate the greatest common factor of y and 77.
11
Suppose 5*f - 5 = 5. Suppose n = 4*s + 3 + 9, s = n - 3. Suppose 5*j - 122 + f = n. What is the greatest common factor of j and 3?
3
Let r = -21 + 39. Suppose 2*o + 488 = 3*u, 2*o - 165 = -u - 5. Calculate the highest common divisor of u and r.
18
Suppose 0 = -y - 2*s + 2, -7*y + 6*y = s - 3. What is the highest common factor of y and 4?
4
Let r be 9/(-12) + 1555/20. Calculate the greatest common factor of 11 and r.
11
Suppose -4*k = 5*o - 2230, o + 4*k - 488 = -58. Suppose 0 = -27*x + 22*x + o. Calculate the highest common divisor of x and 36.
18
Let f(v) = 2*v + 8. Let j be f(-3). What is the greatest common divisor of 4 and j?
2
Let n(d) = -d**2 - 9*d - 6. Let y be n(-6). What is the highest common divisor of 84 and y?
12
Let f(j) = -j + 2. Let r be f(0). Suppose -p = -r*p + 21. Calculate the greatest common divisor of p and 3.
3
Let a(u) = -81*u + 2. Let h be a(-1). Let q be h/3 - 6/9. Calculate the highest common factor of q and 297.
27
Suppose -3*m - 264 = -6*m. What is the highest common divisor of m and 11?
11
Suppose -2*d + 5*g + 3 = -3*d, g = 3*d - 7. Suppose j = -d*j + 69. Suppose 3*r + j = 122. What is the greatest common factor of 22 and r?
11
Suppose -4*n = 5*c - 10, -n + 10 = 2*c + 3*c. Let g be ((-3)/c)/(4/(-8)). What is the highest common factor of g and 21?
3
Let b = -10 - -14. Suppose -29 + 9 = -5*l, 4*l - b = 2*o. What is the greatest common divisor of o and 9?
3
Let j = 0 - -12. Let z(h) = h - 14. Let k be z(6). Let r be -6*(-4)/k*-1. What is the highest common factor of r and j?
3
Suppose -g = -0*g + 13. Let u = 31 + g. Suppose 0*l - u = -l. Calculate the greatest common divisor of 6 and l.
6
Let g = -27 - -55. Suppose 3*z - 201 = -0*z. Suppose z = o - g. Calculate the highest common factor of o and 19.
19
Let t(h) = -h**2 + 21*h - 13. Let s be t(13). Calculate the greatest common factor of s and 13.
13
Let p(a) = -a**3 - 4*a**2 + 4*a + 2. Let g be p(-5). What is the highest common divisor of 63 and g?
7
Suppose 4*z + 170 = 2*m, 114 = m + 3*z + 24. Calculate the greatest common factor of 29 and m.
29
Let c = -3 + 10. Suppose 4*p + p - 35 = 0. What is the highest common factor of p and c?
7
Let i = 4 - 5. Let d = 2 - i. Suppose 1 = 4*u - d. What is the greatest common factor of 8 and u?
1
Let y be (-121)/(2/(1 - 3)). Let l(s) = s. Let q(r) = 3. Let m(p) = 2*l(p) - q(p). Let d be m(7). Calculate the highest common factor of y and d.
11
Suppose 0 = 6*g - g - 35. Let h be (-8)/36 - (-1707)/27. Calculate the greatest common divisor of g and h.
7
Let f(r) be the second derivative of -r**4/12 + 5*r**3/6 + 3*r**2/2 + r. Let i be f(5). Suppose 13 = i*k + 4. Calculate the highest common factor of 12 and k.
3
Suppose -2*g = -2*p, -6*p + p + 30 = 5*g. Suppose -o + 3*o = -3*n + 42, -4*n - p*o + 57 = 0. What is the highest common divisor of n and 84?
12
Let x(n) = 2*n**3 + 55*n**2 - 42*n - 40. Let i be x(-28). Calculate the greatest common divisor of i and 22.
22
Let s(z) = 7*z - 1. Let i be s(1). Let y = -95 + 215. Let j = -54 + y. Calculate the highest common divisor of j and i.
6
Suppose 4*p = -p. Let z = p - -19. Let q = z - 7. What is the greatest common factor of 132 and q?
12
Let x be 0/(-3) - 1 - -73. Calculate the highest common divisor of 24 and x.
24
Let k be (-14)/3*(-18)/7. Calculate the highest common factor of 132 and k.
12
Suppose 4*s = 546 - 318. What is the greatest common divisor of s and 38?
19
Let c = -46 - -60. Calculate the highest common factor of c and 98.
14
Let u be (-174)/(-15) + (-2)/(-5). Let y be (-10*1 + 0)/(-2). Suppose r - 11 - 8 = -j, y*r + 25 = 0. Calculate the highest common factor of j and u.
12
Let v be (2/(4/(-15)))/(6/(-16)). Calculate the greatest common factor of 30 and v.
10
Let h be (45/6 - 0)*-4. Let c = 84 + h. What is the greatest common factor of 36 and c?
18
Suppose 4*q + q - 110 = -5*o, -q - 3*o = -26. Calculate the highest common divisor of q and 140.
20
Suppose l - 3 = 7. Let p = -99 + 149. Calculate the greatest common divisor of p and l.
10
Let j = 1 + 1. Suppose a = -j*a + 45. Calculate the greatest common divisor of a and 75.
15
Suppose 4*i + 2*r - 874 = 0, r - 1 = 4. Let a = i + -148. Calculate the greatest common divisor of 17 and a.
17
Suppose -6 - 2 = 2*x. Let u be -2 - (-4)/2 - x. Calculate the highest common factor of u and 4.
4
Suppose 0 = 4*t - 3 - 9. Suppose 0 = 5*q - d - 33, -20 = -q - q - t*d. Calculate the highest common divisor of q and 1.
1
Suppose l + 1 = 4. Let y be 1/l + (-26)/(-3). Suppose 2*o + o - y = 0. Calculate the highest common divisor of o and 27.
3
Let v be 4/20 - (-108)/10. What is the highest common divisor of v and 99?
11
Let x = 16 - 10. Calculate t